of 47689?
False
Is 558 a multiple of 93?
True
Is 8 a factor of 93?
False
Is 2560 a multiple of 10?
True
Is 251 even?
False
Is 181 a multiple of 29?
False
Is 16 a factor of 1472?
True
Does 3 divide 623?
False
Is 7 a factor of 147?
True
Is 2 a factor of 7?
False
Is 6986 a multiple of 122?
False
Is 408 a multiple of 34?
True
Is 1202 a multiple of 5?
False
Is 30597 a multiple of 217?
True
Is 1097 a multiple of 5?
False
Is 19 a factor of 1995?
True
Is 189 a multiple of 9?
True
Is 52 a factor of 1562?
False
Is 17 a factor of 2556?
False
Is 6 a factor of 1608?
True
Is 18426 a multiple of 166?
True
Is 3549 a multiple of 13?
True
Is 9126 a multiple of 18?
True
Does 5 divide 20290?
True
Is 34 a factor of 3910?
True
Is 510 a multiple of 5?
True
Does 19 divide 323?
True
Is 5 a factor of 35?
True
Is 10 a factor of 670?
True
Does 20 divide 215?
False
Does 32 divide 1416?
False
Does 18 divide 162?
True
Does 10 divide 536?
False
Does 5 divide 13030?
True
Is 605 a multiple of 11?
True
Is 310 a factor of 86201?
False
Is 13 a factor of 585?
True
Does 11 divide 12705?
True
Is 55 a multiple of 11?
True
Is 694 a multiple of 3?
False
Does 4 divide 556?
True
Is 15 a factor of 559?
False
Is 450 a multiple of 9?
True
Does 49 divide 3392?
False
Is 91 a factor of 370?
False
Does 12 divide 458?
False
Is 22 a factor of 2310?
True
Is 56 a multiple of 14?
True
Does 8 divide 40?
True
Is 12 a factor of 1032?
True
Is 874 a multiple of 65?
False
Is 94 a factor of 94?
True
Does 35 divide 840?
True
Is 9 a factor of 70901?
False
Is 4122 a multiple of 29?
False
Does 19 divide 28847?
False
Is 13 a factor of 1443?
True
Does 20 divide 1640?
True
Does 31 divide 965?
False
Does 3 divide 75?
True
Does 5 divide 336?
False
Does 167 divide 7862?
False
Is 791 a multiple of 48?
False
Does 43 divide 1505?
True
Is 273 a multiple of 21?
True
Is 3 a factor of 6831?
True
Is 15104 a multiple of 256?
True
Is 94 a factor of 3958?
False
Is 3485 a multiple of 12?
False
Is 3824 a multiple of 21?
False
Is 6900 a multiple of 69?
True
Is 576 a multiple of 24?
True
Is 7 a factor of 1477?
True
Does 98 divide 35182?
True
Is 24150 a multiple of 75?
True
Is 24 a factor of 1807?
False
Does 32 divide 2687?
False
Does 81 divide 486?
True
Is 2244 even?
True
Does 7 divide 5054?
True
Does 76 divide 4515?
False
Does 32 divide 1280?
True
Does 21 divide 1773?
False
Does 8 divide 360?
True
Does 15 divide 11714?
False
Is 32378 a multiple of 95?
False
Is 704 a multiple of 16?
True
Is 38 a factor of 874?
True
Is 158 a multiple of 11?
False
Is 61 a factor of 16070?
False
Does 118 divide 7552?
True
Is 26269 a multiple of 39?
False
Is 26 a factor of 4865?
False
Is 16835 a multiple of 35?
True
Is 18 a factor of 1116?
True
Is 2700 a multiple of 10?
True
Is 33294 a multiple of 31?
True
Is 6 a factor of 516?
True
Does 13 divide 3246?
False
Is 2013 a multiple of 11?
True
Does 28 divide 168?
True
Does 8 divide 664?
True
Does 56 divide 11592?
True
Is 4919 a multiple of 67?
False
Is 33559 a multiple of 37?
True
Is 205 a factor of 24172?
False
Does 311 divide 27990?
True
Is 281 a factor of 45803?
True
Is 57 a factor of 7752?
True
Is 396 a multiple of 33?
True
Does 11 divide 2640?
True
Is 11 a factor of 17995?
False
Does 113 divide 5833?
False
Is 6325 a multiple of 23?
True
Does 49 divide 490?
True
Does 9 divide 3115?
False
Is 847 a multiple of 77?
True
Is 10 a factor of 4560?
True
Is 11 a factor of 154?
True
Is 35 a factor of 18074?
False
Is 40715 a multiple of 7?
False
Is 14 a factor of 3612?
True
Is 161 a multiple of 7?
True
Is 476 a multiple of 38?
False
Does 47 divide 2068?
True
Is 8 a factor of 11133?
False
Is 24723 a multiple of 170?
False
Is 6604 a multiple of 12?
False
Is 17927 a multiple of 141?
False
Is 7257 a multiple of 159?
False
Is 1634 a multiple of 144?
False
Is 21 a factor of 369?
False
Does 9 divide 40?
False
Is 12402 a multiple of 9?
True
Is 886 a multiple of 21?
False
Does 80 divide 20640?
True
Does 38 divide 6118?
True
Does 52 divide 11700?
True
Is 680 a multiple of 5?
True
Is 401 a multiple of 53?
False
Is 88 a factor of 1471?
False
Is 587 a multiple of 41?
False
Is 25 a factor of 262?
False
Is 14 a factor of 5782?
True
Does 44 divide 5148?
True
Is 1320 a multiple of 66?
True
Does 15 divide 9705?
True
Does 10 divide 50?
True
Does 26 divide 16472?
False
Is 3 a factor of 1096?
False
Is 9 a factor of 4062?
False
Does 40 divide 9449?
False
Does 6 divide 6949?
False
Does 62 divide 805?
False
Is 47369 a multiple of 20?
False
Is 3 a factor of 144?
True
Does 11 divide 8614?
False
Is 5 a factor of 175?
True
Is 13 a factor of 22976?
False
Is 1093 a multiple of 52?
False
Does 64 divide 576?
True
Is 29 a factor of 609?
True
Is 14464 a multiple of 15?
False
Does 48 divide 1082?
False
Does 72 divide 144?
True
Is 59 a factor of 531?
True
Is 2856 a multiple of 7?
True
Is 3 a factor of 4426?
False
Is 264 a multiple of 101?
False
Does 115 divide 27025?
True
Is 20315 a multiple of 17?
True
Is 17037 a multiple of 12?
False
Does 136 divide 2176?
True
Is 8 a factor of 77272?
True
Is 138 a multiple of 6?
True
Is 93 a factor of 2600?
False
Is 18 a factor of 867?
False
Does 14 divide 1162?
True
Does 77 divide 8473?
False
Is 16495 a multiple of 46?
False
Is 8 a factor of 165?
False
Does 12 divide 16068?
True
Does 92 divide 81880?
True
Is 13 a factor of 2626?
True
Is 2531 a multiple of 7?
False
Is 26 a factor of 643?
False
Does 70 divide 7754?
False
Does 192 divide 5184?
True
Does 2 divide 178?
True
Is 1205 a multiple of 5?
True
Is 28236 a multiple of 11?
False
Is 5 a factor of 9887?
False
Does 10 divide 689?
False
Is 55 a factor of 1088?
False
Does 41 divide 50187?
False
Does 32 divide 295?
False
Is 44 a factor of 12432?
False
Is 15 a factor of 25581?
False
Does 30 divide 1070?
False
Does 72 divide 3456?
True
Does 53 divide 62101?
False
Does 6 divide 774?
True
Is 230 a factor of 43930?
True
Is 1036 a multiple of 8?
False
Is 31895 a multiple of 11?
False
Does 19 divide 836?
True
Is 12 a factor of 14088?
True
Is 1490 a multiple of 4?
False
Does 10 divide 15490?
True
Does 13 divide 660?
False
Does 27 divide 1161?
True
Does 3 divide 107?
False
Does 59 divide 2950?
True
Is 15 a factor of 1470?
True
Is 1615 a multiple of 38?
False
Is 56 a factor of 6783?
False
Does 62 divide 5394?
True
Does 49 divide 388?
False
Is 26 a factor of 1352?
True
Is 3150 a multiple of 10?
True
Is 17 a factor of 3017?
False
Is 12174 a multiple of 28?
False
Is 666 a multiple of 33?
False
Is 12 a factor of 6648?
True
Is 9630 a multiple of 214?
True
Is 21 a factor of 79380?
True
Does 89 divide 5251?
True
Does 16 divide 176?
True
Is 3162 a multiple of 7?
False
Is 81 a multiple of 27?
True
Does 60 divide 40398?
False
Does 20 divide 20660?
True
Does 16 divide 3026?
False
Is 2 a factor of 8466?
True
Is 452 a multiple of 40?
False
Is 502 a multiple of 2?
True
Is 36 a factor of 110808?
True
Is 6 a factor of 495?
False
Is 171 a multiple of 11?
False
Is 17 a factor of 5746?
True
Is 13 a factor of 91663?
True
Is 15960 a multiple of 60?
True
Does 12 divide 1922?
False
Is 9 a factor of 189?
True
Does 12 divide 687?
False
Does 35 divide 2528?
False
Does 27 divide 253?
False
Is 59 a factor of 15233?
False
Is 76 a factor of 9272?
True
Does 8 divide 2608?
True
Does 13 divide 3367?
True
Is 7548 a multiple of 37?
True
Is 1403 a multiple of 61?
True
Is 3 a factor of 343?
False
Does 4 divide 320?
True
Is 21896 a multiple of 119?
True
Does 45 divide 1483?
False
Is 18426 a multiple of 83?
True
Does 48 divide 2112?
True
Does 9 divide 320?
False
Is 55 a factor of 5864?
False
Is 9 a factor of 264?
False
Is 238 a multiple of 5?
False
Is 11902 a multiple of 43?
False
Is 11089 a multiple of 218?
False
Is 1258 a multiple of 17?
True
Is 5292 a multiple of 12?
True
Does 11 divide 209?
True
Is 15420 a multiple of 15?
True
Is 81 a factor of 279?
False
Is 2056 a multiple of 57?
False
Is 7 a factor of 37?
False
Does 4 divide 2520?
True
Is 4992 a multiple of 78?
True
Is 7726 a multiple of 107?
False
Is 19 a factor of 5358?
True
Is 4159 a multiple of 17?
False
Is 4 a factor of 2286?
False
Is 10 a factor of 5069?
False
Does 10 divide 6746?
False
Is 29 a factor of 963?
False
Is 51 a factor of 204?
True
Is 7 a factor of 34?
False
Is 12 a factor of 25020?
True
Is 3175 a multiple of 4?
False
Is 6225 a multipl